*18. What is the highest common factor of 138 and t?
6
Let p = 222 + -195. Let i(m) = -m + 3. Let k be i(-6). What is the greatest common factor of p and k?
9
Let y = -18 - -15. Let w be -2*y/6*3. Let x be (w/(-9))/((-4)/96). What is the highest common divisor of 72 and x?
8
Let g be (-14)/(-42) - 32/(-3). Let i = g + 0. Let l = 67 - 34. What is the highest common divisor of i and l?
11
Let i = -172 - -294. Let a = i - 12. What is the highest common factor of 44 and a?
22
Suppose 5*s - 16 = -3*s. Suppose -8 = -2*j - s*j. What is the greatest common divisor of 14 and j?
2
Suppose b = 13*b - 5256. What is the highest common divisor of 12 and b?
6
Let t(n) = -n**3 + 31*n**2 - 9*n + 50. Let i be t(30). What is the greatest common divisor of i and 51?
17
Suppose 0*z = -7*z + 1386. Let h be 2/5 + 16/10. Suppose -h*o - z = -5*o. What is the greatest common factor of o and 44?
22
Let a = 26 + -36. Let i = 21 - 46. Let x = a - i. Calculate the highest common divisor of x and 105.
15
Suppose 5*z + 40 = t + 9, 4*t = z + 48. Let s = t - 7. Calculate the highest common divisor of s and 4.
4
Suppose -2*w + 8 = -14. Suppose 3*q - 14*q - 11 = 0. Let s be -2*q/(2/w). Calculate the highest common divisor of s and 11.
11
Let y(x) = 18*x - 5. Let d be y(1). Suppose -3*q = 5*i + d - 73, i = -5*q - 10. Calculate the highest common factor of 20 and i.
5
Suppose -x + 18 = -3*a + 3*x, -2*a = 3*x + 12. Let m be (-3)/a + 34/4. Let d(l) = l. Let o be d(6). Calculate the highest common factor of o and m.
3
Suppose b - 5*b + 201 = 3*q, 5*q - 15 = 0. What is the greatest common factor of 78 and b?
6
Suppose 5*l = 10*l - 10. Suppose 4*v - 2*j + j - 18 = 0, l*j = -v + 9. What is the highest common divisor of v and 5?
5
Let t = 6 - 4. Let l(p) = 7*p - t - 13 + 4*p. Let k be l(6). Calculate the greatest common factor of k and 17.
17
Suppose 0 = 4*x + x + 10. Suppose -2*a = 3*w + 10, 4*a + 4*w - 2*w = -12. Let m be 4 - (a + (x - -1)). Calculate the greatest common factor of 21 and m.
7
Let x = -81 - -26. Let r be 3*(-4 - -3)*x. Calculate the greatest common divisor of r and 15.
15
Let j be (5/2)/((-2)/(-4)). Let i = j + -3. Suppose 0*x = -3*x + g + 58, 2*x - 36 = -i*g. What is the highest common divisor of x and 38?
19
Let c(i) be the second derivative of 4*i**3/3 - 3*i**2/2 + 4*i. Let o be c(11). What is the greatest common divisor of 17 and o?
17
Suppose 46*r - 375 = -99. Calculate the greatest common factor of 2076 and r.
6
Let s(p) = p**3 + 6*p**2 - 9*p - 6. Let y be s(-7). Let x = 29 - y. Calculate the greatest common divisor of x and 14.
7
Let l(b) = 2*b**2 - 8*b - 2. Let h be l(6). Suppose 0 = 3*a - 118 + h. Let v(g) = -76*g - 1276. Let z be v(-17). What is the greatest common divisor of z and a?
16
Suppose -14*d = -16*d + 3*y + 393, 797 = 4*d + 5*y. Let r(m) = -6*m. Let l be r(-3). What is the highest common divisor of l and d?
18
Suppose -2*u - 9 + 21 = 0. Let f be (-100)/(-12) + 4/u. Suppose 0 = -3*i - 4*t + 24, -2*t - 57 = -5*i + f. What is the highest common divisor of 6 and i?
6
Let a(n) = n + 9. Let x be a(-14). Let q(z) = -z**2 - 6*z - 1. Let b be q(x). What is the greatest common factor of b and 20?
4
Suppose 2*z + 10 = 0, 5*p = p + 3*z + 95. Let t be p*((-32)/(-20) - 0). Suppose 0 = -3*r + 19 + t. What is the highest common divisor of 34 and r?
17
Let c = 60 - 24. Let t(z) be the first derivative of z**4/4 + 2*z**3 + z**2 - 3*z - 1. Let i be t(-5). What is the highest common factor of c and i?
12
Suppose -3*i - 68 = -5*y, y + y = -2*i - 40. Let n be (-3)/6 + i/(-6). Calculate the highest common factor of n and 24.
3
Let f(b) = -8*b + 19. Let q be f(-4). What is the greatest common divisor of 12 and q?
3
Let n(j) = -303*j + 225. Let q be n(-3). What is the greatest common divisor of q and 14?
14
Let o(u) = -29*u - 225. Let w be o(-13). Calculate the highest common divisor of 38 and w.
38
Let y = -51 + 89. Suppose y = 5*i + 2*f, -5*i = -8*f + 3*f - 10. Suppose i*m - 108 = 4*m. Calculate the highest common divisor of m and 6.
6
Let j = -132 - -32. Let p = j + 178. What is the highest common factor of p and 52?
26
Suppose g - 10 = -2*l, -5*l + 0*g + 2*g + 25 = 0. What is the highest common factor of 5 and l?
5
Suppose 5*p = 3*r - 5*r + 10, r + 4*p - 8 = 0. Let w be r/((-2)/(-2)) + 579. Let l be w/21 - (-15)/35. What is the highest common divisor of l and 70?
14
Suppose 270 = 259*l - 253*l. Let b be 89/5 + (-1)/(-5). What is the highest common factor of l and b?
9
Let a(r) = r. Let s(v) = v - 13. Let b(t) = -3*a(t) - s(t). Let g be b(-7). Let q be 2 + -1 + (292 - 6). Calculate the highest common divisor of g and q.
41
Let h(d) = 4*d + 12. Let t be h(2). Suppose -3*x + 6 = -4*x. Let g be (-16)/(3/(x/4)). Calculate the highest common factor of g and t.
4
Suppose -22 = -5*v + 3*k - 12, 6 = 3*v - 2*k. Calculate the greatest common factor of 8 and v.
2
Suppose 4*j = -5*c - 3, 2*j - 3*c + 9 = -j. Let s be -1 - (-2 - (12 + j)). Calculate the greatest common divisor of s and 121.
11
Suppose 3*u + u = 4*j + 552, 0 = 3*j + 2*u + 399. Let s = j - -141. What is the greatest common divisor of s and 54?
6
Suppose 3*v - 44 = -4*d, -2*d + 8 = -3*v + 58. Let r = 348 - 172. What is the greatest common factor of v and r?
16
Let p = -255 + 288. What is the highest common factor of p and 187?
11
Suppose 146 - 21 = 4*t - 5*l, -62 = -2*t + 2*l. Calculate the highest common factor of 114 and t.
6
Suppose 4*q = -5*x - 261, 5*x + 5 + 258 = -2*q. Let b = 84 + x. Let g = -23 + b. What is the highest common divisor of 72 and g?
8
Let a(o) = 4*o - 4. Let s be a(4). Let i be -6 + 142/14 + 35/(-245). Calculate the highest common divisor of s and i.
4
Let i = -20 + 28. Suppose 60*f - 2817 = 1023. What is the highest common factor of f and i?
8
Let s be (-26)/91 + (-867)/(-21). Calculate the greatest common factor of 82 and s.
41
Suppose g - y - 15 = -4*g, 10 = 2*y. Suppose 70 = g*o - 62. What is the highest common factor of o and 11?
11
Let m be 72/14*(-140)/(-40). What is the highest common divisor of 576 and m?
18
Suppose 4*d - n - 29 = 0, 3*d + n - 1 - 12 = 0. What is the greatest common divisor of d and 9?
3
Suppose -2*s + 3 = -d, 2*s - 9 = d - 2*s. What is the highest common factor of 33 and d?
3
Suppose 0*z = z - 6. Let p be ((-4)/z)/(1/(-96)). Let u be 21/4*p/12. What is the greatest common factor of u and 42?
14
Let k be (44/10)/((-27)/(-135)). What is the greatest common factor of 176 and k?
22
Let b be 96*(-3 - (-14)/3). Let t = 2 - 1. Let w = 21 - t. Calculate the greatest common divisor of b and w.
20
Let x = 164 - 66. What is the highest common factor of 14 and x?
14
Suppose 14280 = 70*u - 19*u. Calculate the highest common divisor of u and 168.
56
Let n be 33 + (-12)/(16/4). Let y = 42 - n. Let a be 54/y*(-4)/(-3). What is the greatest common factor of a and 54?
6
Let y = 22 - 19. Suppose -6 - 6 = -y*x. Suppose -2*j = -3*l - 111, -2*j + 0*j = x*l - 146. Calculate the highest common factor of 21 and j.
21
Let o = 1020 - 493. What is the highest common divisor of o and 17?
17
Suppose 0 = -140*o + 150*o - 7840. What is the greatest common divisor of 16 and o?
16
Suppose 7*v = 2*v + 720. Let g = -37 + 53. What is the highest common factor of v and g?
16
Suppose 0 = -8*b - 79 + 559. Calculate the highest common factor of b and 240.
60
Suppose -2*o = 2*l + 4, 12*l - 8 = 10*l. Let h be (-7)/21*2 + (-28)/o. Calculate the highest common divisor of 44 and h.
4
Let g(i) = i**2 + 21. Let o be g(0). Suppose -m = -4*y + 693 - 185, -5*y + m = -634. Suppose -x - 5*x + y = 0. What is the greatest common factor of x and o?
21
Let j(x) = 25*x**2 + x + 1. Let i be j(-1). Let q = i - 17. Let z(n) = n**2 + 2*n - 4. Let f be z(-4). What is the highest common factor of q and f?
4
Let l = -15 - -79. Suppose -2*p = -4*s + l, 2*p = -3*s - 16 - 13. Let m be (1/(-1))/(2/p). What is the greatest common divisor of m and 55?
11
Suppose -d = -18 - 140. Calculate the highest common divisor of d and 2.
2
Let a be 10 + -13 - -3 - -62. Calculate the greatest common factor of 4526 and a.
62
Let d = -13 + 61. Let n(z) = -12*z**2 - 156 - 8*z + z**3 - 5*z + 162. Let o be n(13). Calculate the highest common divisor of d and o.
6
Let i(j) = j**2 - 11*j + 42. Let q be i(5). What is the highest common factor of q and 66?
6
S